se
Is 1151273699 composite?
False
Is 2877533 composite?
False
Is 6904977081 composite?
True
Is 20472649493 a composite number?
False
Is 32847442351 a prime number?
True
Is 40455097019 a prime number?
True
Is 43623561 prime?
False
Is 290646599 prime?
True
Is 180954913 prime?
True
Is 344400157 prime?
False
Is 5936685583 a prime number?
False
Is 53730668183 composite?
True
Is 2591834647 a composite number?
False
Is 671053061 prime?
False
Is 1705529923 composite?
False
Is 4053644201 composite?
False
Is 931566841 a prime number?
True
Is 6554913367 a composite number?
False
Is 12388866349 composite?
True
Is 149775544883 a prime number?
True
Is 49446499541 a composite number?
True
Is 2943491891 a composite number?
False
Is 32664206279 prime?
True
Is 5082706241 prime?
True
Is 2964170581 a composite number?
False
Is 865725661 composite?
True
Is 888082291 a composite number?
False
Is 156859922993 prime?
False
Is 107562744643 prime?
True
Is 156260681081 composite?
True
Is 104746207 composite?
False
Is 309892799 composite?
False
Is 938242727 a prime number?
True
Is 811549493 composite?
True
Is 5670717653 prime?
True
Is 1161314563 a composite number?
False
Is 3415492811 a composite number?
True
Is 133264204979 a prime number?
True
Is 87068959 a prime number?
True
Is 365457997 prime?
False
Is 14382843243 a composite number?
True
Is 47366617399 composite?
False
Is 3237615331 prime?
True
Is 7294686953 a composite number?
False
Is 17802798703 a composite number?
False
Is 5853215057 a composite number?
True
Is 235345231 a composite number?
True
Is 221879683 prime?
True
Is 2194195643 prime?
True
Is 32826977 composite?
False
Is 5469975881 a composite number?
True
Is 49106957 a composite number?
True
Is 47734829 a prime number?
True
Is 721423309 composite?
False
Is 6128327911 prime?
True
Is 75941733319 prime?
True
Is 3752053037 a composite number?
False
Is 2864303369 a prime number?
False
Is 82567813 prime?
False
Is 2999228503 composite?
False
Is 1487741459 a composite number?
True
Is 82793829059 a composite number?
True
Is 206143708757 a prime number?
False
Is 30532873669 prime?
False
Is 3251773037 a composite number?
True
Is 4606403053 prime?
False
Is 28645138783 a composite number?
False
Is 41595190607 composite?
False
Is 116787109 composite?
False
Is 1937465567 prime?
True
Is 32713976069 composite?
True
Is 66552470627 a composite number?
False
Is 30892945299 prime?
False
Is 20628149803 a prime number?
True
Is 8636814349 composite?
False
Is 2508171899 prime?
False
Is 6065735647 composite?
False
Is 7618299937 a composite number?
False
Is 11772677197 a composite number?
False
Is 9860360701 composite?
True
Is 7590002143 prime?
False
Is 5715183919 a prime number?
True
Is 1876657349 a composite number?
True
Is 25241221209 composite?
True
Is 3356729959 composite?
True
Is 10838591 a composite number?
True
Is 44620864133 a prime number?
False
Is 60747395333 prime?
True
Is 630627161 a prime number?
True
Is 4670532583 a composite number?
False
Is 899285879 prime?
True
Is 8948734079 a prime number?
True
Is 84018689683 a prime number?
False
Is 652925509 a composite number?
True
Is 1531289453 a prime number?
True
Is 4427015839 prime?
False
Is 2344461563 a prime number?
True
Is 366534913 a composite number?
True
Is 11079561341 prime?
True
Is 11714078261 composite?
False
Is 5962966 prime?
False
Is 1951202051 a composite number?
True
Is 789185609 a prime number?
False
Is 645243289 a prime number?
True
Is 1491252409 composite?
True
Is 62280333893 composite?
False
Is 722049631 composite?
False
Is 4370680099 a prime number?
False
Is 395986207 a prime number?
False
Is 26879230201 a prime number?
False
Is 786514067 a composite number?
False
Is 16318937 prime?
False
Is 8698891849 a prime number?
True
Is 4210331029 a prime number?
True
Is 628682707 a prime number?
True
Is 5680930429 prime?
True
Is 406301443 composite?
False
Is 254872339 a prime number?
False
Is 9161608607 prime?
False
Is 6939412303 a composite number?
True
Is 2719403 a prime number?
True
Is 22885721227 composite?
False
Is 5609571593 composite?
False
Is 707009159 a prime number?
True
Is 25142434081 prime?
True
Is 88381100411 prime?
False
Is 12502473257 a composite number?
False
Is 233002793 a prime number?
True
Is 476209949 prime?
False
Is 3277842671 prime?
True
Is 3988494569 prime?
False
Is 97157899 prime?
False
Is 3151197545 composite?
True
Is 269496173 a prime number?
True
Is 589982881 a composite number?
False
Is 28846573363 prime?
False
Is 14095587607 a composite number?
False
Is 3438775229 composite?
False
Is 736437851 a prime number?
False
Is 252169481 a prime number?
False
Is 2603231243 prime?
False
Is 314431769 prime?
False
Is 95259897407 composite?
False
Is 5399407939 prime?
True
Is 282528343 composite?
True
Is 13377212573 composite?
False
Is 195820507 composite?
True
Is 917178739 composite?
True
Is 3265993527 composite?
True
Is 744688723 a composite number?
True
Is 45748643 a prime number?
True
Is 2297844869 prime?
True
Is 2864178953 a prime number?
True
Is 5231442679 composite?
True
Is 5836899457 composite?
False
Is 10692580909 composite?
True
Is 3051496403 a composite number?
True
Is 862598545 composite?
True
Is 12926969719 a prime number?
True
Is 5471137237 composite?
False
Is 2249800673 a prime number?
True
Is 1031749165 a prime number?
False
Is 929076887 a prime number?
False
Is 51499925549 a prime number?
False
Is 60455865359 composite?
True
Is 447880999 a prime number?
True
Is 1373754197 prime?
True
Is 2071249979 a composite number?
True
Is 10238389199 prime?
True
Is 7780779777 a prime number?
False
Is 1158345206 a prime number?
False
Is 61938761 a prime number?
True
Is 234218061703 a prime number?
True
Is 101732065063 composite?
False
Is 1310361743 prime?
False
Is 4382919419 prime?
False
Is 2832697 prime?
False
Is 18600526697 a composite number?
True
Is 26160054013 prime?
True
Is 8831000551 prime?
False
Is 772548809 prime?
True
Is 8524791383 a prime number?
False
Is 25113969263 composite?
True
Is 8754585467 a composite number?
True
Is 22417610809 a composite number?
True
Is 3686446349 a composite number?
True
Is 14024585789 prime?
False
Is 71785813651 a prime number?
True
Is 5506319171 a prime number?
True
Is 13255508503 composite?
True
Is 67815514633 prime?
False
Is 3616501051 a prime number?
False
Is 17338914833 composite?
True
Is 1998086323 a composite number?
True
Is 5227241377 a composite number?
False
Is 2876582123 composite?
True
Is 42035947 prime?
False
Is 2701781809 composite?
False
Is 1202272789 a prime number?
True
Is 4556984741 prime?
True
Is 31542149 a composite number?
False
Is 401328199 a composite number?
False
Is 67219151 composite?
False
Is 4770693461 composite?
False
Is 597914997 composite?
True
Is 32285536559 a prime number?
True
Is 83798424221 prime?
True
Is 15250205857 a composite number?
True
Is 613472599 a prime number?
True
Is 12366419981 a prime number?
True
Is 2242997279 composite?
False
Is 5239360531 a composite number?
False
Is 717331697 prime?
True
Is 2562215471 a composite number?
False
Is 9210036377 prime?
False
Is 19656162809 a composite number?
True
Is 69688012441 a composite number?
False
Is 17965881893 composite?
False
Is 39107605337 composite?
True
Is 168004183285 a prime number?
False
Is 5914548329 a composite number?
False
Is 2490724811 composite?
False
Is 396563887 a prime number?
True
Is 3176820683 prime?
True
Is 13444471273 a prime number?
True
Is 1092732583 composite?
True
Is 761592889 prime?
True
Is 4496368979 prime?
True
Is 74479747 composite?
False
Is 2516917379 prime?
True
Is 1044865763 a composite number?
False
Is 61857229957 composite?
False
Is 17205146097 a composite number?
True
Is 99151329173 composite?
True
Is 10510119953 a prime number?
False
Is 21920881051 a prime number?
True
Is 8093571943 composite?
False
Is 5542133851 composite?
True
Is 9889044719 prime?
True
Is 9252899533 a prime number?
True
Is 79906097 prime?
True
Is 3175608563 composite?
False
Is 1250565991 prime?
True
Is 4440870073 a composite number?
True
Is 1138472383 prime?
False
Is 23019939199 composite?
True
Is 92255658967 prime?
False
Is 80143051693 a composite number?
True
Is 23043591019 composite?
True
Is 2858149817 prime?
False
Is 6756910073 prime?
True
Is 962365717 a compo